2338267
List the prime factors of 421531653.
3, 140510551
What are the prime factors of 57207637?
953, 60029
What are the prime factors of 1525516115?
5, 305103223
List the prime factors of 188020785.
3, 5, 1019, 12301
What are the prime factors of 221614204?
2, 7, 7914793
List the prime factors of 188383110.
2, 3, 5, 23, 41, 6659
List the prime factors of 1610517.
3, 536839
What are the prime factors of 268052255?
5, 109, 173, 2843
List the prime factors of 25421128.
2, 3177641
What are the prime factors of 129448755?
3, 5, 37, 77747
List the prime factors of 120472796.
2, 30118199
What are the prime factors of 10655791?
10655791
What are the prime factors of 1922695526?
2, 961347763
What are the prime factors of 15277016?
2, 17, 112331
What are the prime factors of 2481191695?
5, 37, 13411847
List the prime factors of 2267908872.
2, 3, 269, 351287
List the prime factors of 92315210.
2, 5, 13, 31, 22907
List the prime factors of 132943885.
5, 26588777
List the prime factors of 5696111365.
5, 7, 19, 8565581
What are the prime factors of 1998732129?
3, 666244043
What are the prime factors of 147096920?
2, 5, 17, 216319
List the prime factors of 66378510.
2, 3, 5, 11, 67049
List the prime factors of 155165103.
3, 17, 59, 17189
List the prime factors of 43091276.
2, 83, 129793
List the prime factors of 85083107.
101, 842407
What are the prime factors of 1092498980?
2, 5, 54624949
What are the prime factors of 1881492803?
19, 1109, 89293
What are the prime factors of 181141248?
2, 3, 163, 1447
List the prime factors of 72322377.
3, 59, 103, 3967
What are the prime factors of 136378557?
3, 7, 2164739
List the prime factors of 215299293.
3, 11, 593111
List the prime factors of 60567839.
19, 83, 193, 199
What are the prime factors of 2825226384?
2, 3, 58858883
List the prime factors of 145573217.
71, 2050327
What are the prime factors of 771921788?
2, 11, 17, 1031981
What are the prime factors of 256085941?
43, 5955487
List the prime factors of 688282507.
11, 62571137
What are the prime factors of 3762526913?
7937, 474049
List the prime factors of 2592560006.
2, 1296280003
What are the prime factors of 23667471?
3, 97397
What are the prime factors of 549411637?
549411637
What are the prime factors of 267919578?
2, 3, 14884421
List the prime factors of 61750958.
2, 3109, 9931
List the prime factors of 143236138.
2, 71618069
What are the prime factors of 983101215?
3, 5, 449, 145969
List the prime factors of 1609071949.
8783, 183203
What are the prime factors of 4442620146?
2, 3, 8179, 90529
List the prime factors of 70325145.
3, 5, 11, 23, 29, 71
List the prime factors of 288208525.
5, 11, 29, 71, 509
List the prime factors of 26933256.
2, 3, 7, 47, 379
List the prime factors of 60708544.
2, 13, 131, 557
List the prime factors of 107957616.
2, 3, 13, 17, 10177
List the prime factors of 101494196.
2, 25373549
What are the prime factors of 147589621?
59, 127, 19697
List the prime factors of 82125673.
7, 53, 181, 1223
List the prime factors of 177975.
3, 5, 7, 113
List the prime factors of 40875239.
29, 1409491
List the prime factors of 6571113810.
2, 3, 5, 151, 1450577
List the prime factors of 1181298226.
2, 590649113
What are the prime factors of 949283894?
2, 13, 36510919
What are the prime factors of 62661302?
2, 11, 73, 3547
What are the prime factors of 2550304866?
2, 3, 425050811
List the prime factors of 1504175469.
3, 19013, 26371
What are the prime factors of 377462564?
2, 41, 2301601
What are the prime factors of 971921675?
5, 38876867
List the prime factors of 8702052857.
239, 36410263
What are the prime factors of 7160111?
7, 17, 60169
List the prime factors of 45163972.
2, 7, 1612999
What are the prime factors of 185560071?
3, 317, 195121
List the prime factors of 58783363.
58783363
List the prime factors of 33754916.
2, 13, 761, 853
List the prime factors of 11031263.
43, 256541
What are the prime factors of 915941714?
2, 103, 4446319
What are the prime factors of 375315813?
3, 163, 255839
What are the prime factors of 127935292?
2, 23, 1390601
List the prime factors of 7115303678.
2, 7, 508235977
What are the prime factors of 2358196584?
2, 3, 98258191
What are the prime factors of 1620679065?
3, 5, 29, 3725699
List the prime factors of 311456822.
2, 397, 392263
List the prime factors of 116720393.
116720393
What are the prime factors of 865418974?
2, 7, 37, 1259, 1327
What are the prime factors of 42030208?
2, 11, 29851
What are the prime factors of 2880284873?
11587, 248579
What are the prime factors of 52332524?
2, 13083131
List the prime factors of 105606452.
2, 7, 43, 239, 367
List the prime factors of 845485077.
3, 97, 2905447
List the prime factors of 305774477.
79, 3870563
List the prime factors of 34689780.
2, 3, 5, 439
What are the prime factors of 86040678?
2, 3, 43, 333491
List the prime factors of 371900713.
61, 6096733
What are the prime factors of 1523710350?
2, 3, 5, 3386023
What are the prime factors of 25732290?
2, 3, 5, 857743
What are the prime factors of 6381929222?
2, 191, 541, 30881
List the prime factors of 44693224.
2, 593, 9421
List the prime factors of 4252512750.
2, 3, 5, 263, 21559
What are the prime factors of 46502623?
67, 694069
What are the prime factors of 439792263?
3, 6047, 8081
What are the prime factors of 411314323?
7, 58759189
List the prime factors of 68717987.
13, 439, 12041
List the prime factors of 2006449997.
1399, 1434203
What are the prime factors of 2351406175?
5, 94056247
List the prime factors of 2427066921.
3, 109, 7422223
List the prime factors of 2654539765.
5, 31, 17126063
List the prime factors of 141502372.
2, 11, 3215963
List the prime factors of 273568247.
47, 277, 21013
List the prime factors of 142666877.
19, 191, 39313
What are the prime factors of 1746026218?
2, 47, 631, 29437
List the prime factors of 27027869.
11, 2457079
What are the prime factors of 507618654?
2, 3, 59, 97, 14783
What are the prime factors of 691805736?
2, 3, 9608413
What are the prime factors of 2935093653?
3, 613, 532009
What are the prime factors of 24635924?
2, 17, 362293
What are the prime factors of 707748427?
707748427
List the prime factors of 1382176630.
2, 5, 138217663
What are the prime factors of 48443864?
2, 7, 865069
List the prime factors of 523553435.
5, 937, 111751
What are the prime factors of 1044674463?
3, 7, 17, 379, 1103
What are the prime factors of 777876152?
2, 263, 457, 809
List the prime factors of 2337998970.
2, 3, 5, 2351, 33149
What are the prime factors of 28099798?
2, 37, 379727
What are the prime factors of 304880147?
11, 13, 479, 4451
List the prime factors of 1201906644.
2, 3, 739, 135533
List the prime factors of 1576516.
2, 394129
What are the prime factors of 58870331?
13, 4528487
List the prime factors of 252790295.
5, 1693, 29863
What are the prime factors of 93089102?
2, 46544551
What are the prime factors of 44922438?
2, 3, 11, 2801
What are the prime factors of 2105661806?
2, 61, 523, 541
What are the prime factors of 1040455240?
2, 5, 11, 251, 9421
List the prime factors of 38588889.
3, 12862963
List the prime factors of 2773047887.
22531, 123077
List the prime factors of 1625179374.
2, 3, 7, 13, 10903
What are the prime factors of 672030569?
7, 67, 211, 6791
What are the prime factors of 2558351262?
2, 3, 353, 1207909
What are the prime factors of 2942519?
2942519
List the prime factors of 40169273.
31, 1295783
What are the prime factors of 70678617?
3, 23559539
List the prime factors of 190971137.
7, 53, 514747
What are the prime factors of 69452703?
3, 7716967
List the prime factors of 731862646.
2, 127, 2881349
List the prime factors of 4570379478.
2, 3, 7, 49757
List the prime factors of 6137800901.
41, 149702461
List the prime factors of 10942193.
29, 127, 2971
What are the prime factors of 55826142?
2, 3, 19, 67, 7309
List the prime factors of 518604432.
2, 3, 37, 61, 4787
List the prime factors of 147082242.
2, 3, 587, 41761
What are the prime factors of 114263645?
5, 22852729
List the prime factors of 418728633.
3, 139576211
List the prime factors of 320849497.
71, 4519007
What are the prime factors of 33405007?
33405007
What are the prime factors of 28884521?
223, 129527
What are the prime factors of 4148839844?
2, 71, 14608591
List the prime facto